hen 34389241 is divided by 11463073.
22
What is the remainder when 322491 is divided by 30866?
13831
What is the remainder when 6340290 is divided by 2713?
9
Calculate the remainder when 483613 is divided by 7.
4
What is the remainder when 3012028 is divided by 753002?
20
What is the remainder when 1072900 is divided by 74?
48
What is the remainder when 1708687 is divided by 4370?
17
Calculate the remainder when 87331 is divided by 362.
89
What is the remainder when 91959535 is divided by 98775?
10
What is the remainder when 37320667 is divided by 96?
91
Calculate the remainder when 20012 is divided by 19176.
836
Calculate the remainder when 796822 is divided by 796136.
686
Calculate the remainder when 24497 is divided by 3346.
1075
What is the remainder when 193561 is divided by 17?
16
Calculate the remainder when 7269636 is divided by 1453915.
61
Calculate the remainder when 252199873 is divided by 137.
135
What is the remainder when 653096328 is divided by 16?
8
Calculate the remainder when 27884828 is divided by 27884811.
17
What is the remainder when 847850 is divided by 223?
4
Calculate the remainder when 2661986 is divided by 443637.
164
Calculate the remainder when 73176619 is divided by 24890.
19
Calculate the remainder when 5735053 is divided by 39552.
13
Calculate the remainder when 17265982 is divided by 456.
454
What is the remainder when 2108418 is divided by 188?
186
Calculate the remainder when 51505 is divided by 51361.
144
Calculate the remainder when 3023103 is divided by 79.
10
Calculate the remainder when 7188 is divided by 813.
684
What is the remainder when 3101247 is divided by 1033747?
6
What is the remainder when 5008645 is divided by 834773?
7
What is the remainder when 677423 is divided by 272?
143
Calculate the remainder when 1715595 is divided by 3999.
24
Calculate the remainder when 792359 is divided by 21.
8
What is the remainder when 6012864 is divided by 2004261?
81
What is the remainder when 2520117135 is divided by 19?
18
Calculate the remainder when 13862033 is divided by 1066309.
16
What is the remainder when 908673 is divided by 181728?
33
Calculate the remainder when 1569411 is divided by 348.
279
What is the remainder when 1574026 is divided by 1573811?
215
Calculate the remainder when 1124146 is divided by 200.
146
What is the remainder when 12777039 is divided by 6388506?
27
What is the remainder when 28857455 is divided by 29?
19
Calculate the remainder when 7111206 is divided by 23.
20
Calculate the remainder when 31962587 is divided by 516.
515
What is the remainder when 594452 is divided by 594431?
21
What is the remainder when 52004 is divided by 12389?
2448
Calculate the remainder when 21394193 is divided by 181.
174
Calculate the remainder when 77024222 is divided by 211605.
2
What is the remainder when 62603866 is divided by 125?
116
What is the remainder when 2505 is divided by 1163?
179
Calculate the remainder when 4725 is divided by 3432.
1293
What is the remainder when 11689 is divided by 2038?
1499
Calculate the remainder when 1611050 is divided by 178976.
266
Calculate the remainder when 1662023 is divided by 1661809.
214
Calculate the remainder when 550477 is divided by 3377.
26
What is the remainder when 600502 is divided by 14953?
2382
What is the remainder when 10867016 is divided by 21?
20
What is the remainder when 4896499 is divided by 108?
103
What is the remainder when 4457646 is divided by 34?
8
Calculate the remainder when 119666 is divided by 3973.
476
What is the remainder when 730367 is divided by 2283?
2090
Calculate the remainder when 6882925 is divided by 6212.
29
Calculate the remainder when 751415 is divided by 6769.
56
What is the remainder when 945038 is divided by 315012?
2
Calculate the remainder when 21567714 is divided by 196070.
14
What is the remainder when 101559 is divided by 3033?
1470
Calculate the remainder when 12988499 is divided by 15.
14
What is the remainder when 4984 is divided by 2213?
558
What is the remainder when 136169 is divided by 45380?
29
Calculate the remainder when 272595180 is divided by 9987.
15
Calculate the remainder when 8170679 is divided by 249.
242
Calculate the remainder when 58814 is divided by 2147.
845
What is the remainder when 6163655 is divided by 64?
7
What is the remainder when 550995 is divided by 410?
365
Calculate the remainder when 401854 is divided by 251.
3
Calculate the remainder when 1868090 is divided by 189.
14
Calculate the remainder when 77118432 is divided by 2029432.
16
What is the remainder when 283397 is divided by 141686?
25
Calculate the remainder when 5905307 is divided by 62.
55
Calculate the remainder when 21283321 is divided by 7819.
3
What is the remainder when 929778 is divided by 177?
174
Calculate the remainder when 1034477 is divided by 344821.
14
What is the remainder when 1696939 is divided by 45?
34
What is the remainder when 28919759 is divided by 1501?
1493
Calculate the remainder when 7797626 is divided by 5598.
5210
Calculate the remainder when 4750278 is divided by 178.
170
What is the remainder when 4602857 is divided by 1596?
1589
What is the remainder when 6882207 is divided by 85?
12
What is the remainder when 93604 is divided by 15580?
124
Calculate the remainder when 4217019 is divided by 2616.
27
What is the remainder when 159719 is divided by 159510?
209
What is the remainder when 40611 is divided by 767?
727
What is the remainder when 74166 is divided by 9261?
78
Calculate the remainder when 22495574 is divided by 20.
14
What is the remainder when 4910504 is divided by 755?
739
What is the remainder when 177234 is divided by 29489?
300
What is the remainder when 932393 is divided by 1151?
83
What is the remainder when 553921389 is divided by 191?
188
What is the remainder when 57883 is divided by 456?
427
Calculate the remainder when 19698605 is divided by 84.
17
What is the remainder when 3163400 is divided by 451910?
30
What is the remainder when 371183 is divided by 476?
379
What is the remainder when 1786476 is divided by 480?
396
Calculate the remainder when 11396343 is divided by 44001.
84
What is the remainder when 2303582 is divided by 2303508?
74
Calculate the remainder when 159255243 is divided by 17.
8
What is the remainder when 100911 is divided by 19591?
2956
What is the remainder when 496130 is divided by 2557?
72
Calculate the remainder when 67462 is divided by 13482.
52
What is the remainder when 20706295 is divided by 5412?
5395
What is the remainder when 1090101 is divided by 19?
14
Calculate the remainder when 551200 is divided by 551197.
3
What is the remainder when 1753391 is divided by 584420?
131
Calculate the remainder when 765871 is divided by 735.
1
Calculate the remainder when 1059983 is divided by 75686.
379
What is the remainder when 67248 is divided by 6719?
58
What is the remainder when 2632611 is divided by 463?
456
Calculate the remainder when 11827675 is divided by 63.
55
Calculate the remainder when 1393174 is divided by 4327.
4207
What is the remainder when 2279768 is divided by 120?
8
Calculate the remainder when 441573 is divided by 220543.
487
Calculate the remainder when 481199 is divided by 240594.
11
Calculate the remainder when 311756 is divided by 285.
251
Calculate the remainder when 392681770 is divided by 134.
130
Calculate the remainder when 272384517 is divided by 7620.
7617
Calculate the remainder when 1117520 is divided by 1752.
1496
Calculate the remainder when 43977 is divided by 21985.
7
Calculate the remainder when 45080 is divided by 3213.
98
What is the remainder when 2195569 is divided by 81310?
199
What is the remainder when 11055730 is divided by 207?
67
What is the remainder when 1559154 is divided by 779572?
10
Calculate the remainder when 159473551 is divided by 464.
463
What is the remainder when 155249 is divided by 16?
1
What is the remainder when 6420884 is divided by 20?
4
What is the remainder when 180870 is divided by 3617?
20
What is the remainder when 59751611 is divided by 681?
671
What is the remainder when 588045 is divided by 15893?
4
Calculate the remainder when 13357 is divided by 816.
301
What is the remainder when 45738603 is divided by 344?
19
Calculate the remainder when 6382082 is divided by 8